-51
Let b(v) = -v**3 + 3*v**2 + 4*v + 5. Let f be (35/10)/(-7)*4. Let l = 34 - 32. Let w be 3 - (f + l/2). What is b(w)?
5
Let f(b) = -b**2 + 4*b + 4. Let m(x) be the third derivative of x**6/120 - x**5/12 + 7*x**4/24 - 62*x**2. Let y be m(3). Give f(y).
7
Let v(d) = -d**2 - 2. Let o be v(-2). Let y(q) = q**3 + 4*q**2 - q - 3. Let u be y(-4). Let z(i) = -i**2 - i**2 - u + 0 - 7*i + i**2. Give z(o).
5
Let w(m) = 61 - 15576*m**2 + 31143*m**2 - 29*m - 15568*m**2. Calculate w(-31).
-1
Let u(g) be the second derivative of g**6/120 + 7*g**5/60 + g**4/8 - 7*g**3/3 - 93*g**2/2 + 23*g. Let r(l) be the first derivative of u(l). Determine r(-6).
4
Let n = 534 - 532. Let m be n/(-10)*4*-5. Let w(z) = -2*z - 3. Give w(m).
-11
Let l be -3*((4 - 6) + 3). Let f(q) = -2 + 27*q**2 - 60*q**2 + 11*q + 28*q**2. Let a(t) = 14*t**2 - 32*t + 5. Let y(c) = 6*a(c) + 17*f(c). Calculate y(l).
2
Let s(l) = 2*l**2 - 12*l + 4. Let q = 4776 + -4771. What is s(q)?
-6
Suppose -s = -2*o + 5, 5*o - 5*s + 19 = 6*o. Suppose -2*n = -y + 15, -15 = 2*y - y + o*n. Let x(f) = -5 + 3 + y*f + 6 - 2*f**2. Determine x(4).
-8
Let m(t) = t + 9. Let h be m(-5). Suppose 5*b - 55 = -5*z, -2*z - 15*b + 19 = -14*b. Let s(g) = 9*g + 5*g**2 - h + g**3 + 0 - z*g. Determine s(-4).
8
Let y(d) = d**3 + d**2 + 2*d. Let i = 133 - 108. Suppose -33 = -4*f - i. Suppose 5*b - 3*k = 3 - 1, -b - f*k = 10. What is y(b)?
-8
Let z = -4718 + 4698. Let y(x) = x**2 + 18*x - 35. Calculate y(z).
5
Let j(m) = m**2 - 6*m + 2. Suppose 10*o - 71 = -41. Suppose 98 = o*x + 11*x. Determine j(x).
9
Let l = 132 + -121. Let o(z) = -8*z + 4. Let g(s) = -15*s + 9. Let m(d) = l*o(d) - 6*g(d). What is m(3)?
-4
Let w(j) be the second derivative of -j**4/3 + 19*j**3/6 + 5*j**2 - 2*j - 26. What is w(6)?
-20
Let h = -69 - -72. Let w(g) = h + 5*g + g**2 + 18*g + 0 - 30*g. Let n = 90 - 85. Determine w(n).
-7
Let x(h) be the second derivative of -1/10*h**5 + 0 - 1/3*h**4 + 1/2*h**2 - 119*h - 1/2*h**3. Calculate x(-3).
28
Let b(a) = 61*a - 22*a - 25*a + 106 - 11*a. Determine b(-36).
-2
Suppose g = 4*g - 6. Let l(n) = -97*n**2 + 3*n - 13. Let z(m) = 126*m**2 - 4*m + 17. Let a(t) = 13*l(t) + 10*z(t). What is a(g)?
-5
Let s be 4/1 + (-10)/(-20)*-16. Let p be (1 + (2 - 3))/(-1). Let l be p*(6/s + 1). Let m(x) = x**2 - x - 8. Calculate m(l).
-8
Let y(m) = m**3 - 6*m**2 + 6*m + 2. Let d(w) = w + 9. Let z be (24/(-3))/4 - 2. Let p be d(z). Suppose -6*x + 2*x = 4*g - 32, -g + p*x - 10 = 0. What is y(g)?
7
Let n be (2/88)/(65/(-1300))*-11. Let g(k) be the second derivative of k**3/2 - k**2 + 2*k. Calculate g(n).
13
Suppose -5*w + 3*z - 21 = -6, -3*w + 5 = z. Suppose t + 3*g - 6 = w, 5*g = -4*t - 0*g - 4. Let b(d) = -d**2 - 4*d - 8. Calculate b(t).
-20
Let n(k) = 3*k**3 + 36*k**2 + 8. Let w be 8256/(-344) + (4/(-2) - -14). Calculate n(w).
8
Suppose 4*l + 712 = -44*p + 48*p, 887 = 5*p - 2*l. Let q(v) = v - 9 - 22 - v**3 - p*v**2 + 177*v**2. Calculate q(0).
-31
Let u(s) be the first derivative of 3*s**4/2 - s**3/3 - s**2/2 + s + 60. Let x(o) = o**2. Let q(v) = u(v) + x(v). What is q(1)?
6
Let g(y) = y**2 - 19*y + 28. Suppose 59 = 6*n - 56 + 43. What is g(n)?
-56
Suppose -3*k + 4 = 4*u - 1, u - 15 = 2*k. Suppose u*w + 4 = 6*w. Suppose w*x = 2*x - 6. Let i(j) = -j**2 - 4*j - 1. What is i(x)?
2
Let k(g) = -85*g - 83*g - 6 + 208*g. Determine k(1).
34
Let i = 36 - 33. Suppose i*f + 6 = 36. Let w(n) = f - 2*n - 8 + 2 + 2. Calculate w(5).
-4
Suppose -2*s - 12 = -6*s, k + 4*s = 82. Suppose 0 = -5*j + 5*w + k, j + 3*w - 7*w = 17. Let i(o) = 7*o - 4*o - o - 3*o + j. Determine i(9).
4
Let d(j) = 7*j**3 - j. Let l = -280 - -282. Suppose -8 = l*c - 10. Determine d(c).
6
Let k(m) = -m**3 + 14*m**2 + 581*m + 84. Let d be k(-18). Let z(x) = -130*x - 782. Determine z(d).
-2
Let s(b) = -b**3 - 21*b**2 - 39*b - 386. Let k be s(-20). Let y(l) = l**2 + 12*l + 12. Determine y(k).
-24
Let z be 640/35 + (-2)/7. Let a = -18 + z. Let t(y) = y + 3*y + a*y + 9. Calculate t(-6).
-15
Let t(i) = -406*i**3 + 407*i**3 - 25 + 27 + 6*i**2 + i. What is t(-7)?
-54
Let h(a) = a**3 - 6*a**2 + 14. Let v(x) = -x**3 + 67*x**2 - 132*x + 136. Let m be v(65). Determine h(m).
14
Let h(y) be the third derivative of -1/24*y**4 + 1/6*y**3 + 53*y**2 + 0 + 0*y + 1/30*y**5. Determine h(1).
2
Suppose -147*c - 24 = -144*c. Let l(n) = -11*n**3 - 29*n**2 + 22*n + 38. Let d(g) = -4*g**3 - 10*g**2 + 7*g + 13. Let w(h) = -8*d(h) + 3*l(h). Give w(c).
-6
Let a(o) be the second derivative of -o**4/12 + o**3/3 + 20*o**2 - 891*o. What is a(-5)?
5
Let y(j) be the first derivative of 6*j**2 + 2*j - 185. Let f(p) = 22*p + 3. Let o(v) = 3*f(v) - 5*y(v). Calculate o(3).
17
Let k(q) = q - 1. Let s(m) = -2 + 3*m - 1 + 7*m. Let l(c) = -6*k(c) + s(c). Let r be (-5)/(-3)*2/(-5)*9. Give l(r).
-21
Let h(f) = 40 - 8*f - 14 + 13*f**2 + 83*f**2 + 3*f - 97*f**2. What is h(0)?
26
Suppose 5*m + 3*b = -0*b + 130, 3*b - 107 = -4*m. Let f = 25 - m. Let l(i) = i**3 - 1 - 3*i + 5 + 8*i**2 - 4*i**f. Calculate l(-5).
-6
Let l be 3*10/(-9)*3/(-2). Suppose -9 = 5*k + 4*g, k + 13 = l*g - 3*g. Let m(p) = p**2 + 5*p + 6. Determine m(k).
6
Let f(t) = -35*t**2 - 5*t - 22. Let z(y) = -44*y**2 - 6*y - 25. Let s(k) = -5*f(k) + 4*z(k). Let w = -15 - -15. Give s(w).
10
Let a(y) be the first derivative of 9*y**2/2 - 165*y - 546. Give a(19).
6
Suppose -6*n - 150 = 3*h, 12*h + 30 = 7*h. Suppose j - 4*g + 44 = 0, g + 22 + 86 = -4*j. Let c = n - j. Let d(l) = -l**3 + 7*l**2 - 6*l - 4. Calculate d(c).
-4
Let j(w) = w**2 + 13*w - 5. Let i(f) = -4*f**2 - 51*f + 19. Let b(q) = 4*i(q) + 15*j(q). Give b(-9).
1
Let l(t) = -t**3 - 22*t**2 - 44*t - 84. Let x be l(-20). Let y(q) = 30*q + 21. Let f(g) = 3*g + 2. Let w(j) = -21*f(j) + 2*y(j). Determine w(x).
12
Let l(a) be the second derivative of a**5/20 - a**4/2 + a**3/2 - 4*a**2 + 2*a. Let j be 4/(-8 + 4) + 7. Determine l(j).
10
Let o(c) = -c**2 + 11*c + 3. Suppose g - 16 = -19, 4*j - 3*g - 49 = 0. Let d be (17 - j) + 7 + -3. What is o(d)?
3
Let p(d) = -d**3 - 8*d**2 - d + 2. Let b(a) = -a**2 - 33*a - 65. Let i be b(-31). Let u be 3*i - (2 + -3). Give p(u).
10
Let k(y) = 7*y - 120. Let o(s) = 4*s + 2. Let z(g) = -k(g) - o(g). What is z(10)?
8
Let h(c) = -c**2 + 10*c - 42. Let b be 43/5 - 3 - ((-168)/30)/14. Give h(b).
-18
Let y(q) = q**3 + 4*q**2 - q - 5. Suppose -3*u + 65 = -l, -u + 163 = 2*l - 5*l. Let r = 49 + l. Calculate y(r).
-1
Suppose 27*q = 31*q + 13*q - 153. Let s(i) = -i**3 + 8*i**2 + i + 20. Calculate s(q).
-52
Let h be 4/(-6)*(165/(-22) + 3). Let y(p) = 4*p**2 - h*p - 134 + 2*p**2 - p**3 + 132. Calculate y(5).
8
Let d(c) = c**2 + 1. Let o(j) = j**3 + j - 20. Let u(q) = -d(q) - o(q). Let z be (1*-1)/((-7)/(-21)). Let y = z + 3. Determine u(y).
19
Let o = 20 - 19. Suppose 5*i + 4*u + 27 = 0, -3*u + 2 = 2*i + 17. Let y(w) = -w + 1. Let z(h) = -3. Let v(j) = i*y(j) - z(j). What is v(o)?
3
Let u(w) = 30051 + 19*w - 30069 - 13*w - w**3. Give u(0).
-18
Let v(p) = p**3 - 8*p**2 - 6*p**2 + 5*p**2 - p - 18 + 15. Let a = 189 - 152. Suppose -35*s + a*s = 18. What is v(s)?
-12
Let g(f) = 418*f - 1 - 399*f + 1. Let c(w) = -5*w. Let j(i) = -22*c(i) - 6*g(i). Give j(1).
-4
Let t(w) = 5 + 5*w**2 - 53 - 4*w**2 - 1 + 16*w + 60. What is t(-15)?
-4
Suppose k + 0*x - 27 = -4*x, -2*x - 3 = -k. Let y(f) = -302 - 306 + 894 + 3*f - 303 - 2*f. What is y(k)?
-6
Let x(l) = 7*l - 2. Suppose -5*j = -2*y - 484, -j - 98 = -2*j + y. Suppose -72 + j = -8*g. Give x(g).
-23
Suppose 4*x + 13 = 11*a, -4*x + 8 = 6*a - 10*a. Let y(l) = -17*l**2 + 87*l - 5. Determine y(x).
5
Let i(k) = -k**3 - 5*k**2 - 2*k + 5. Suppose 0 = 29*d - 33*d + 104. Suppose -29*o = -d*o - 5*l + 37, -4*o - 5*l = -9. Determine i(o).
-3
Let a(t) = t**3 + 13*t**2 + 28*t + 45. Let m be a(-10). Suppose 4*f = -57 + m. Let x(g) = 2*g**3 + 2*g**2 - 2*g - 2. What is x(f)?
18
Suppose h + 19 = -3*r, -22*h - 5*r + 8 = -26*h. Let f(y) = -y**3 - 6*y**2 + 8*y - 8. Determine f(h).
-15
Let y(a) be the second derivative of a**3/3 - a**2/2 + 23*a - 39. Suppose -2*i = -6, z - i = -3*i + 14. Suppose 0 = -0*j + 4*j - z. Calculate y(j).
3
Suppose -6*r = 5*a - 4*r + 35, -4*r = 20. Let q(x) be the third derivative of x**6/120 + x**5/10 + 5*x**4/24 - x**3/2 - x**2 + 48*x. What is q(a)?
-3
Let r(o) = 2*o + 9. Let d(c) = -c - 1. Let u(y) = -14*d(y) - 2*r(y). Let f be (3 + -1)*-2*(-2910)/388